e q(4).
-2
Let m(v) be the first derivative of -45 + v - 1/4*v**4 + 2*v**3 + 5*v**2. Give m(7).
22
Suppose 0 = 5*u + 5*p - 5, u + 2*p = -3*u + 10. Suppose 0*f + f + z = 8, 0 = -2*f + u*z - 2. Let c(o) = o**3 - 6*o**2 + 8*o - 6. What is c(f)?
9
Let d(n) = 2*n**3 + n**2 - 6*n + 3. Let u(f) = 5*f**3 + 5*f**2 - 17*f + 8. Let p(t) = -8*d(t) + 3*u(t). What is p(6)?
18
Let d = -5 + 0. Suppose 12 = 2*p + u, 0 = 3*p - 5*u - 7 - 37. Let x(a) = 0*a**2 - a**2 + 1 + 2 - p*a - 7. What is x(d)?
11
Let t(l) be the third derivative of -l**5/120 + l**4/4 - 2*l**3 - 2*l**2. Let i(h) be the first derivative of t(h). Determine i(6).
0
Let o = -362/5 - -1449/20. Let i(v) be the second derivative of 0*v**3 - 4*v + 0 - 1/2*v**4 - o*v**5 - 3*v**2. Give i(-6).
-6
Let w(p) = -5*p + 6 - 2*p - 5 + 7*p + 10*p. Determine w(3).
31
Let x(p) be the third derivative of p**6/120 - p**5/10 - 7*p**4/24 - 4*p**3/3 - 140*p**2. Calculate x(7).
-8
Let d = -2662 + 2695. Let p(t) = t**3 - 32*t**2 - 32*t - 39. Calculate p(d).
-6
Let h(i) = i**3 + 2*i**2 - i. Suppose -2*x = 2*x - 4, -k + 4*x - 1 = 0. What is h(k)?
42
Suppose 5*k = -3*g - 2, 2*k + 6 = -2. Let j(s) = 5*s + 9. Let m(q) = -6*q - 10. Let h(l) = g*m(l) + 7*j(l). Suppose -n = -3*n. Calculate h(n).
3
Let i(g) = -g + 6. Suppose -19*h = -15*h - 5*n - 27, -10 = -2*n. Determine i(h).
-7
Let n(x) be the second derivative of 2*x**3/3 + x**2 + 15*x. Let b be n(-2). Let f(y) = y + 5. Determine f(b).
-1
Let x(a) = a**2 - 8*a + 8. Let r be (-3 + -39 - -1)*-1. Let p = -34 + r. Calculate x(p).
1
Let a(l) = -l + 2. Let u = 3 - -3. Let p = 370 + -364. Let o be u/(-4) + 9/p. What is a(o)?
2
Let o(f) = -f**2 - f - 13. Let t be (-5)/(-10)*6 + -3. Calculate o(t).
-13
Let q(r) = 9*r - 29 - 14 + 37. Calculate q(1).
3
Let t(v) = v**2 - 4*v - 14. Let b be -2*(-1)/2*-7. Let j(i) = i**3 + 6*i**2 - 8*i - 1. Let u be j(b). Let d be t(u). Let p(f) = 5*f + 1. Determine p(d).
-9
Let t(u) be the first derivative of -u**5/30 + u**4/4 + u**3 + 3*u**2 - 11. Let a(j) be the second derivative of t(j). Give a(5).
-14
Let p(k) = -67*k**2 - 9*k - 3. Let u(j) = 25*j**2 + 3*j + 1. Let m(s) = 3*p(s) + 8*u(s). Let n(w) = -2*w**3 + 2*w**2 + w + 2. Let f be n(2). What is m(f)?
-5
Let z(g) = g**2 - 2*g - 12. Let j = -447 - -447. Give z(j).
-12
Let b(h) be the second derivative of -h**4/12 + 5*h**3/6 + h**2 - 314*h. Determine b(5).
2
Suppose -18 = -2*v - 2*g, -v + 43 = 2*v - 5*g. Suppose 2*i = v*i. Let d(q) = -q**3 + q - 1. What is d(i)?
-1
Let d(h) = -h**3 + h**2 + 3*h. Let f be (8 - 11)*14/(-3). Suppose -2 = -2*j + f. Suppose -3*w + j + 1 = 0. What is d(w)?
-9
Let p be -2*2/(-4) + 0. Let x(l) = -15*l - 90*l + 1 - 22*l + 128*l. Give x(p).
2
Let a(f) be the second derivative of -f**6/120 - f**4/24 + f**3/2 - 23*f**2/2 - 20*f. Let r(x) be the first derivative of a(x). Calculate r(0).
3
Let t(q) = 6*q**3 - 4*q**2 + 4*q + 8. Let n be t(-1). Let v(u) = -u**2 - 8*u - 6. What is v(n)?
6
Let u = 1140 - 1142. Let m(d) = -d**3 - 2*d**2 + d - 2. Determine m(u).
-4
Let i(c) be the third derivative of -c**6/120 + c**5/15 + 5*c**3/6 - c**2 - 104. What is i(3)?
14
Let c(n) = -n**3 + 5*n**2 - 4*n + 1. Suppose -3 = -p - 1. Suppose 6 - p = -4*h. Let q = 3 - h. Give c(q).
1
Let o(c) = c**2 - 6*c + 6. Let l(t) = -2*t**2 - 20*t + 4. Let w be l(-9). Let a be 252/66 + 4/w. Give o(a).
-2
Let k(w) = -868 - 2*w - 802 + 1750 - 2*w. Determine k(20).
0
Let q(v) = v**3 - 6*v**2 + 8*v - 17. Let i be q(5). Let t(p) = 5*p**2 - p - 8. Let l(a) = a**2 - 1. Let d(s) = 6*l(s) - t(s). Determine d(i).
4
Let g(n) = -143*n + 36. Let k be g(-5). Let j(v) = v**2 + 750 - k + 0*v**2 + 3*v. Give j(-2).
-3
Let s be (-15)/(-30)*(10 + 0). Let u(c) = -1 - 2 + 3 - s - c. Determine u(0).
-5
Let b be (2/5)/(2/(-20)). Let z(d) be the first derivative of -d**3/3 - 5*d**2/2 - 2*d + 506. What is z(b)?
2
Let p(y) = -14*y**3 + 3*y**2 + 26*y - 3. Let o(w) = -5*w**3 + w**2 + 9*w - 1. Let c(u) = 17*o(u) - 6*p(u). Let x(a) = a**2 + 6*a + 2. Let r be x(-6). Give c(r).
-17
Let i(h) be the second derivative of -9*h**5/20 - h**3/6 + h**2/2 - 80*h. Calculate i(1).
-9
Let a(h) = -8*h**3 - 4*h**2 + 4*h + 3. Let m(k) = -23*k**3 - 11*k**2 + 11*k + 8. Let o(f) = -11*a(f) + 4*m(f). Suppose -2 = -8*u + 6*u. Determine o(u).
-5
Let u be (-5 - -5)*((7 - 1) + -7). Let l(f) = -f**2 + f + 19. Calculate l(u).
19
Let s(t) be the second derivative of -t**5/20 - t**4/12 + t**3/6 + t**2 + 303*t. Determine s(-1).
1
Let g(u) = 18*u**2 + 2*u. Let a be g(1). Suppose 5*n + a = 5*p, -n - n = 2*p. Let i(k) be the second derivative of -k**3/6 + k**2/2 - 2*k. What is i(n)?
3
Let q(p) = -22*p**2 - 6*p - 27. Let d(l) = 5*l**2 + 2*l + 6. Let u(i) = 9*d(i) + 2*q(i). Suppose 5*s + 10 = -2*z, 4*z + s + 20 = -2*s. Calculate u(z).
-5
Let g(v) = v - 1. Let h(m) = 2*m - 2. Let s(t) = -5*g(t) + 3*h(t). Give s(-1).
-2
Let p(y) be the third derivative of 1/120*y**6 + 0*y + 0 - 1/12*y**4 + 2*y**2 + 1/20*y**5 + 5/6*y**3. Suppose -4*h + h - 12 = 0. Give p(h).
-3
Let x(j) = -1. Let w(i) = -i - 2. Let c(u) = u + 2. Let l(t) = -3*c(t) - 4*w(t). Let f(g) = -l(g) + 4*x(g). Give f(-9).
3
Let s be 2*1/4*-10. Suppose 4*w = 7*w - 21. Let f(t) = -3*t**3 - 7 - 3*t**2 + 7*t**2 + 4*t**3 - w*t + 0*t**3. Determine f(s).
3
Suppose x = -274 + 269. Let i(n) = -n**3 - 6*n**2 - 2*n + 1. Calculate i(x).
-14
Let h be 1/(-3)*(-4 + -23). Suppose 3*f + 0*f - h = 3*d, 2*f - 4 = 0. Let w(m) = 3*m**2 - 2*m - 1. Give w(d).
4
Let q(c) = -2*c + 23. Suppose 0*i - 4*i + 44 = -3*y, -50 = -5*i + 5*y. Let s be q(i). Let l(b) = -b**2 - 5*b - 3. Calculate l(s).
-3
Let t(d) = -d + 1. Let y = 98 + -93. Let x be (1 + 3/(-2))*-20. Let u be (-34)/x - (-2)/y. What is t(u)?
4
Let c(l) = 2*l + 3. Let u(x) = 5*x + 6. Let p(r) = 9*c(r) - 4*u(r). Let v be (-4)/6 - (-7)/(-21). Let m be v + (-3)/((-6)/8). Calculate p(m).
-3
Let r(l) = 3*l**2 + l - 1. Let p(c) = -7*c**2 - 3*c + 2. Let i be (-2 - 10/4)*2. Let o = -10 + 6. Let u(d) = i*r(d) + o*p(d). Determine u(-1).
-1
Let l(a) = 3*a - 7. Suppose 0 = 4*z - 12, -3*k - 20 - 1 = 4*z. Let i = k - -17. What is l(i)?
11
Suppose j = 7*j. Let s be j/((-6)/(-2)) + 2. Let w(k) = k**2 - k**s + k**2 + 4*k. Determine w(-4).
0
Suppose y = -5*r - 15, -2*y = -4*y - 3*r - 16. Let t(q) = q**3 + 6*q**2 + 4*q - 1. Let m be t(y). Let x(i) = 5*i - 5*i + 1 - i - m*i. Calculate x(1).
-4
Let v(y) = -23*y**2 - y + 1. Suppose -5*i - 4*h + 33 = -7*h, -5*i + 5*h + 35 = 0. Let a(d) = -d**2 + 5*d + 7. Let u be a(i). What is v(u)?
-23
Suppose 52*w - 38*w + 14 = 0. Let p(m) = 20*m + 1. What is p(w)?
-19
Let v(o) = 3*o**2 - 16*o + 81. Let m(r) = -5*r**2 + 22*r - 122. Let t(c) = 5*m(c) + 8*v(c). Determine t(-20).
-2
Suppose 3 = 3*i, 20*i = -5*l + 18*i - 13. Let f(n) = -2 + 4 + 2 + n. What is f(l)?
1
Let t(u) = -6*u + 9. Let p(k) = -k**2 + 2*k. Let b(x) = -p(x) - t(x). Give b(-5).
-4
Let a(p) be the first derivative of -p**5/20 - 2*p**4/3 - 7*p**3/6 + p**2 + 3*p + 7. Let u(t) be the first derivative of a(t). Determine u(-7).
2
Let a be (-100)/(-28) - (-20)/(-35) - 0. Let u(j) = 48*j**a - 87*j**3 + 41*j**3. Let g = -3 - -4. Determine u(g).
2
Let g(l) = l. Suppose 6*u - 2 = 10. Suppose -4*t = n - 13, -4*t - 5 = -u*n - 3. Calculate g(n).
5
Let z(p) be the first derivative of p**3/3 + 7*p**2/2 - 9*p - 62. Suppose 0 = 3*g - 2*t + 28, 5*t = -4*g - 23 + 1. What is z(g)?
-1
Let w be (0 + -3)/(6 + -7). Suppose -w = -4*o + 9, 5*o = h + 11. Let y(v) = -6 - 2*v + 24*v**3 - h*v**2 + 26*v**3 - 51*v**3. Give y(-4).
2
Let f(z) = -11*z - 34. Let h = -53 + 50. Let b(m) = 4*m + 12. Let u(o) = h*f(o) - 8*b(o). What is u(5)?
11
Let k(o) be the third derivative of o**4/24 + 3*o**3/2 - 5*o**2. Let s(b) = -2*b**3 + 3*b**2 + 3*b + 4. Let d be s(3). Let g = d - -9. What is k(g)?
4
Let j be -1 + (-88)/24 - 2/(-3). Let v(f) = f - 3. Let n(q) = -3*q - 14 + 7*q + 2*q. Let t(z) = -2*n(z) + 11*v(z). Give t(j).
-1
Let n(t) = -13 - t**3 + 15 + 8*t - t**3 - 3*t**2 - 11*t + 3*t**3. Calculate n(3).
-7
Let u(b) = -5*b**3 - b. Let w be (((-54)/45)/2)/(1/(-5)). Suppose -r = -2*x - 3, -w*r + 4*r - 5*x - 9 = 0. What is u(r)?
6
Let j(k) be the first derivative of -k**4/4 - 5*k**3/3 + 3*k**2 + 3*k - 675. Determine j(3).
-51
Let c(z) = -z**3 + 2*z**2 - z + 4. Let v = -53 - -66. Let y be v/5 + (-8)/(-20). Determine c(y).
-8
Let o(m) = m**3 - 13*m**2 + 16*m - 5